is -13 (base 7) in base 5?
-20
Convert 10 (base 5) to base 2.
101
What is 6 (base 14) in base 9?
6
Convert 2 (base 4) to base 10.
2
Convert 6 (base 8) to base 5.
11
Convert 103 (base 4) to base 16.
13
340 (base 5) to base 9
115
-1115 (base 6) to base 15
-128
27 (base 10) to base 12
23
What is -3 (base 12) in base 15?
-3
-404 (base 5) to base 16
-68
-3 (base 6) to base 16
-3
What is 5 (base 9) in base 13?
5
Convert -3 (base 5) to base 16.
-3
What is 14 (base 7) in base 2?
1011
Convert 9b (base 16) to base 2.
10011011
What is -343 (base 5) in base 4?
-1202
-3 (base 8) to base 16
-3
What is -4 (base 15) in base 6?
-4
What is -10222 (base 3) in base 16?
-6b
What is -38 (base 12) in base 11?
-40
Convert c (base 14) to base 3.
110
What is 2 (base 3) in base 14?
2
What is -1 (base 11) in base 8?
-1
What is -310 (base 7) in base 10?
-154
What is 10 (base 3) in base 10?
3
Convert -8d (base 15) to base 5.
-1013
-34 (base 15) to base 3
-1211
What is 116 (base 10) in base 2?
1110100
Convert -5 (base 12) to base 3.
-12
Convert -89 (base 13) to base 11.
-a3
What is 1 (base 15) in base 4?
1
0 (base 12) to base 8
0
Convert -43 (base 6) to base 16.
-1b
What is 1425 (base 6) in base 15?
1a2
101011000 (base 2) to base 8
530
Convert -5b (base 12) to base 4.
-1013
Convert -3 (base 10) to base 15.
-3
-61 (base 10) to base 6
-141
Convert -112 (base 3) to base 14.
-10
-1 (base 9) to base 15
-1
What is -3 (base 11) in base 14?
-3
-9 (base 15) to base 11
-9
What is 1 (base 5) in base 14?
1
What is 1101010 (base 2) in base 13?
82
Convert -122 (base 8) to base 4.
-1102
-72 (base 9) to base 6
-145
Convert 101 (base 2) to base 3.
12
Convert -2 (base 12) to base 4.
-2
102 (base 3) to base 12
b
87 (base 16) to base 7
252
18 (base 9) to base 15
12
Convert 11 (base 7) to base 10.
8
2 (base 4) to base 14
2
What is -11 (base 12) in base 7?
-16
What is 214 (base 6) in base 8?
122
What is 37 (base 14) in base 9?
54
-3 (base 8) to base 13
-3
1 (base 14) to base 8
1
What is 20 (base 3) in base 8?
6
What is 2 (base 5) in base 3?
2
320 (base 5) to base 3
10011
Convert 5 (base 11) to base 14.
5
What is 1 (base 10) in base 5?
1
0 (base 14) to base 10
0
Convert -4 (base 16) to base 13.
-4
Convert -4 (base 8) to base 15.
-4
10 (base 2) to base 6
2
Convert c (base 16) to base 11.
11
-14 (base 10) to base 14
-10
What is -222 (base 4) in base 16?
-2a
-22 (base 15) to base 13
-26
124 (base 9) to base 2
1100111
302 (base 5) to base 8
115
Convert 3 (base 10) to base 14.
3
6 (base 9) to base 2
110
Convert 3 (base 15) to base 10.
3
What is 411 (base 5) in base 4?
1222
-15 (base 11) to base 8
-20
-163 (base 8) to base 6
-311
Convert -18 (base 10) to base 4.
-102
10 (base 2) to base 15
2
What is -5 (base 7) in base 12?
-5
2100 (base 3) to base 13
4b
Convert 1212 (base 4) to base 5.
402
What is 0 (base 14) in base 3?
0
What is -a (base 16) in base 12?
-a
What is 3 (base 10) in base 14?
3
What is 144 (base 6) in base 8?
100
2 (base 6) to base 3
2
13 (base 4) to base 10
7
What is -313 (base 8) in base 16?
-cb
What is 12 (base 12) in base 13?
11
-1041 (base 5) to base 4
-2102
What is -3 (base 10) in base 11?
-3
What is 7 (base 16) in base 15?
7
Convert 32 (base 10) to base 4.
200
Convert 186 (base 16) to base 12.
286
1 (base 11) to base 2
1
What is -2 (base 4) in base 16?
-2
-1 (base 14) to base 9
-1
Convert 3 (base 11) to base 8.
3
-100001001 (base 2) to base 14
-14d
What is 35 (base 13) in base 15?
2e
10010 (base 3) to base 7
150
-13 (base 14) to base 8
-21
Convert -113 (base 4) to base 15.
-18
Convert -11 (base 2) to base 9.
-3
What is -412 (base 5) in base 12?
-8b
What is 25 (base 16) in base 11?
34
What is -3 (base 7) in base 3?
-10
Convert -1 (base 8) to base 12.
-1
e (base 16) to base 6
22
What is 10 (base 2) in base 14?
2
Convert -210 (base 5) to base 12.
-47
-2232 (base 4) to base 6
-450
-15 (base 11) to base 3
-121
Convert 11 (base 11) to base 2.
1100
-223 (base 5) to base 11
-58
What is 5 (base 14) in base 4?
11
Convert -c (base 16) to base 12.
-10
What is 0 (base 10) in base 8?
0
7 (base 13) to base 3
21
What is -3 (base 13) in base 15?
-3
What is 1110 (base 2) in base 7?
20
8 (base 10) to base 2
1000
43 (base 7) to base 3
1011
What is 29a (base 11) in base 7?
1011
Convert 57 (base 13) to base 3.
2200
10 (base 6) to base 2
110
Convert 14 (base 12) to base 16.
10
What is -3b (base 16) in base 2?
-111011
What is 333 (base 4) in base 3?
2100
Convert 1 (base 2) to base 6.
1
130 (base 7) to base 6
154
What is 81 (base 11) in base 8?
131
What is -20 (base 8) in base 16?
-10
-1 (base 2) to base 4
-1
Convert 1 (base 10) to base 8.
1
What is -2021 (base 3) in base 2?
-111101
Convert 111 (base 3) to base 6.
21
-35 (base 9) to base 10
-32
111 (base 7) to base 12
49
Convert -31 (base 9) to base 5.
-103
What is -2 (base 4) in base 3?
-2
What is 10101 (base 2) in base 3?
210
Convert 3 (base 12) to base 10.
3
What is 7 (base 15) in base 16?
7
Convert 3 (base 12) to base 7.
3
Convert -7 (base 8) to base 4.
-13
-bc (base 14) to base 11
-141
Convert -242 (base 7) to base 9.
-152
What is 56 (base 8) in base 6?
114
Convert -10111 (base 2) to base 4.
-113
3 (base 8) to base 11
3
Convert 119 (base 12) to base 8.
245
Convert -103 (base 4) to base 5.
-34
What is -10111111 (base 2) in base 10?
-191
44 (base 8) to base 15
26
-1 (base 9) to base 4
-1
What is 218 (base 10) in base 3?
22002
Convert -39 (base 15) to base 2.
-110110
What is -10120 (base 3) in base 16?
-60
-9 (base 13) to base 15
-9
-3 (base 4) to base 16
-3
What is 28 (base 10) in base 9?
31
4a (base 12) to base 14
42
-2 (base 6) to base 5
-2
What is 100 (base 3) in base 10?
9
-1a (base 16) to base 7
-35
Convert -32 (base 14) to base 8.
-54
What is -2 (base 14) in base 4?
-2
Convert 11 (base 2) to base 15.
3
Convert 15 (base 15) to base 2.
10100
3 (base 7) to base 3
10
Convert -31 (base 6) to base 7.
-25
What is 0 (base 4) in base 8?
0
-13 (base 15) to base 8
-22
What is 3 (base 11) in base 4?
3
60 (base 9) to base 2
110110
23 (base 8) to base 7
25
What is -5 (base 16) in base 11?
-5
-1 (base 6) to base 16
-1
Convert -11 (base 3) to base 10.
-4
What is a3 (base 14) in base 10?
143
1 (base 2) to base 15
1
What is 6 (base 13) in base 11?
6
Convert 12 (base 4) to base 12.
6
1034 (base 5) to base 10
144
What is -13 (base 13) in base 4?
-100
11 (base 14) to base 5
30
Convert 313 (base 4) to base 8.
67
Convert 43 (base 10) to base 3.
1121
Convert -2 (base 13) to base 3.
-2
16 (base 8) to base 12
12
What is -2 (base 11) in base 13?
-2
-6 (base 8) to base 16
-6
Convert 87 (base 9) to base 4.
1033
21 (base 3) to base 9
7
What is -540 (base 6) in base 2?
-11001100
-11100 (base 2) to base 11
-26
15 (base 9) to base 5
24
Convert 0 (base 16) to base 13.
0
c (base 13) to base 4
30
What is c (base 13) in base 7?
15
What is 324 (base 10) in base 14?
192
What is -11122 (base 3) in base 4?
-1331
Convert -59 (base 14) to base 11.
-72
100 (base 2) to base 3
11
What is -3 (base 8) in base 12?
-3
78 (base 13) to base 11
90
What is 0 (base 6) in base 9?
0
22 (base 5) to base 16
c
Convert 115 (base 7) to base 4.
331
What is 4 (base 8) in base 14?
4
What is -2 (base 4) in base 7?
-2
What is 3 (base 4) in base 7?
3
Convert -1110000 (base 2) to base 13.
-88
Convert -10001 (base 2) to base 13.
-14
8 (base 9) to base 6
12
Convert a2 (base 14) to base 2.
10001110
60 (base 7) to base 6
110
20222 (base 3) to base 5
1223
What is -100 (base 3) in base 6?
-13
What is -12 (base 6) in base 12?
-8
6 (base 13) to base 10
6
11 (base 9) to base 8
12
Convert -3 (base 11) to base 2.
-11
Convert -114 (base 5) to base 6.
-54
Convert 6 (base 12) to base 10.
6
What is 3c (base 16) in base 13?
48
-2 (base 10) to base 9
-2
Convert -4 (base 9) to base 16.
-4
Convert -175 (base 8) to base 13.
-98
What is -10 (base 2) in base 15?
-2
What is 0 (base 11) in base 2?
0
Convert -2 (base 7) to base 15.
-2
Convert -4 (base 7) to base 3.
-11
Convert -15 (base 7) to base 15.
-c
2 (base 13) to base 15
2
14 (base 10) to base 13
11
What is 11310 (base 4) in base 8?
564
What is 0 (base 11) in base 7?
0
What is -371 (base 8) in base 13?
-162
-2 (base 8) to base 16
-2
What is 13 (base 4) in base 13?
7
-5 (base 6) to base 15
-5
Convert 7 (base 16) to base 5.
12
What is -1 (base 14) in base 15?
-1
What is -110 (base 